alculate x(12).
49
Let b(w) = 67*w**3 + 2*w**2 + w. Give b(-1).
-66
Let f(w) = w**2 - w + 10. Determine f(0).
10
Let s(g) = -24*g**2 - 7*g - 1. Determine s(-3).
-196
Let h(k) = -k**2 - 18*k + 1. Give h(-17).
18
Let q(t) = t**3 + 7*t**2 + 6*t - 6. Determine q(-6).
-6
Let d(c) = -50*c**3 - 5*c**2 + c. What is d(1)?
-54
Let u(i) = -i - 37. Determine u(13).
-50
Let r(t) = -t**2 + 27*t - 102. Determine r(23).
-10
Let z(p) = p**3 + 12*p**2 + 5*p + 3. What is z(-11)?
69
Let c(i) = i**3 - i**2 - i + 6. Determine c(0).
6
Let c(p) = -2*p**2 - 41*p - 81. Calculate c(-19).
-24
Let l(b) = 3*b**3 - 5*b. Calculate l(3).
66
Let y(s) = -s**2 - 13*s - 34. Give y(-16).
-82
Let x(o) = 5*o + 23. Determine x(-4).
3
Let r(m) = m**2 - 29*m + 37. Give r(26).
-41
Let f(b) = -b**3 - 6*b**2 - 2*b - 9. Give f(-6).
3
Let h(w) = w**2 - 15*w - 10. What is h(7)?
-66
Let w(d) = -3*d - 143. Determine w(-48).
1
Let q(x) = -10*x**2 - 5*x - 5. Give q(-1).
-10
Let g(u) = 3*u - 3. Give g(4).
9
Let j(q) = q**3 + 12*q**2 + 21*q - 2. Determine j(-10).
-12
Let n(h) = -h**3 + h**2 + 2. Determine n(0).
2
Let v(l) = 64*l**3 + l**2 - 3*l + 2. What is v(1)?
64
Let i(s) = -s + 8. What is i(-3)?
11
Let s(d) = 8*d + 1. Calculate s(-1).
-7
Let c(q) = -q**2 + 14*q + 365. Give c(27).
14
Let t(y) = 16*y - 93. Give t(6).
3
Let w(z) = 2*z**3 - 3*z**2 - z + 3. What is w(2)?
5
Let i(x) = -x**2 - 22*x - 31. Calculate i(-21).
-10
Let g(u) = -u**3 + 6*u**2 - 4*u + 1. Calculate g(5).
6
Let q(s) = 17*s - 151. Calculate q(10).
19
Let v(u) = -25*u**2 + 2*u - 1. Calculate v(1).
-24
Let r(f) = f**3 - 15*f**2 + 16*f + 2. Give r(14).
30
Let i(m) = 20*m + 659. What is i(-33)?
-1
Let g(w) = -4*w - 13. Determine g(-6).
11
Let l(h) = -h**3 - 6*h**2 - 2*h - 7. What is l(-6)?
5
Let k(v) = -v**2 - 12*v - 23. Give k(-4).
9
Let h(n) = n**3 - n**2 + n - 2. Determine h(0).
-2
Let v(d) = -d**3 - 14*d**2 + 12*d + 12. Calculate v(-15).
57
Let v(c) = -2*c**2 + c - 2. Give v(-2).
-12
Let f(o) = -11*o**3 - o**2 + 1. Give f(-1).
11
Let r(k) = -k**3 - 2*k**2 + 3*k + 4. What is r(-2)?
-2
Let m(x) = -x**3 + 3*x**2 + 5*x - 5. Determine m(3).
10
Let x(p) = -2*p**2 + 61*p + 15. What is x(31)?
-16
Let l(v) = v**3 - 15*v**2 - 16*v + 18. What is l(16)?
18
Let h(r) = r - 36. Give h(30).
-6
Let r(k) = -k**3 - 16*k**2 + 38*k + 23. Give r(-18).
-13
Let d(v) = -v**3 - 13*v**2 - 17*v - 45. Calculate d(-12).
15
Let n(u) = -u - 17. Calculate n(-9).
-8
Let s(o) = o**2 - 12*o + 26. Calculate s(4).
-6
Let f(s) = -s**3 + 2*s**2 - s - 1. Determine f(2).
-3
Let n(b) = -128*b + 3. What is n(-1)?
131
Let b(g) = -2*g - 16. Calculate b(-8).
0
Let s(b) = -b + 8. What is s(11)?
-3
Let r(a) = -a**3 + 2*a**2 + 6*a + 2. What is r(4)?
-6
Let m(d) = -6*d + 56. Give m(5).
26
Let y(r) = 6*r - 14. Calculate y(4).
10
Let i(y) = -13*y - 42. Give i(-3).
-3
Let f(n) = -14*n**2 + 3*n - 1. Calculate f(3).
-118
Let x(k) = -k**3 + 5*k**2 + 5*k + 1. Calculate x(6).
-5
Let v(k) = -k**3 - 16*k**2 + 26*k + 138. What is v(-17)?
-15
Let c(l) = 5*l - 1. Calculate c(-2).
-11
Let y(r) = -13*r - 172. Give y(-15).
23
Let h(g) = -2*g**3 + 6*g**2 - g + 8. Give h(3).
5
Let t(d) = -d**3 - 10*d**2 + 7*d - 1. Calculate t(-11).
43
Let r(v) = 2*v - 5. Give r(2).
-1
Let x(i) = i**3 + 6*i**2 - 6*i + 13. Determine x(-7).
6
Let z(k) = k**3 - 2*k**2 - 2*k + 8. Give z(-4).
-80
Let p(j) = j**3 + j**2 - 2*j + 1. Give p(1).
1
Let d(s) = 4*s**3 + 2*s**2 - 2. Calculate d(-1).
-4
Let p(g) = g + 7. Calculate p(-7).
0
Let u(b) = 4*b**3 + 3*b**2 + 7*b + 5. Determine u(-1).
-3
Let z(a) = -a + 12. Calculate z(3).
9
Let q(t) = -4*t**2 + 2*t + 6. Calculate q(-2).
-14
Let t(b) = -b**2 + 9*b - 3. Calculate t(8).
5
Let i(u) = 3*u**2 + 5*u + 4. What is i(-2)?
6
Let f(i) = -i + 23. What is f(26)?
-3
Let u(b) = b**2 + 3*b - 1. Calculate u(-5).
9
Let m(h) = h**2 + 3*h - 2. Give m(-3).
-2
Let m(x) = -x**3 - 5*x**2 - 8*x - 14. Calculate m(-4).
2
Let v(x) = 13*x**2 + 2*x + 1. Determine v(-2).
49
Let z(p) = -8*p - 344. Give z(-46).
24
Let p(t) = -t**3 + 21*t**2 + 43*t + 62. Determine p(23).
-7
Let n(j) = -5*j - 16. Determine n(-6).
14
Let b(d) = -2*d**2 - 7*d + 2. Calculate b(-4).
-2
Let n(i) = -i**3 + 7*i**2 - 5*i + 56. What is n(6)?
62
Let s(h) = -4*h**3 - 4*h - 3. Determine s(-2).
37
Let i(c) = 5*c + 13. Calculate i(16).
93
Let l(y) = -3*y**2 + 4*y. What is l(4)?
-32
Let d(a) = -a**3 - 6*a**2 + 4*a. Calculate d(-7).
21
Let q(w) = -w**2 - 6*w + 1. Give q(4).
-39
Let t(u) = u**3 - 6*u**2 + 7*u - 7. Give t(6).
35
Let m(i) = -12*i + 8. Calculate m(6).
-64
Let y(b) = b**3 + 3*b**2 - 1. Determine y(-2).
3
Let i(g) = -g + 18. What is i(17)?
1
Let g(l) = -l**3 + 66*l**2 - 413*l - 1. What is g(59)?
-1
Let u(k) = 7*k. Determine u(7).
49
Let h(g) = g**2 - 7*g + 19. What is h(8)?
27
Let p(b) = -b + 42. Calculate p(43).
-1
Let q(k) = 7*k**2 + 5*k + 1. Determine q(-2).
19
Let n(t) = -5*t + 31. Calculate n(7).
-4
Let x(r) = -3*r**3 + 3*r**2 - 2. Determine x(2).
-14
Let y(n) = -33*n**2 - 3*n + 1. Calculate y(1).
-35
Let r(l) = -2*l**2 + 64*l - 108. Calculate r(31).
-46
Let a(c) = 11*c - 42. Give a(14).
112
Let y(j) = 8*j**2 - j - 3. Give y(2).
27
Let t(d) = 12*d**2 - 3*d + 1. Give t(2).
43
Let b(o) = o**3 - 8*o**2 - 4*o + 80. Give b(7).
3
Let v(n) = n**3 - 10*n**2 + 9*n - 2. Give v(9).
-2
Let z(a) = 7*a + 1. Give z(-1).
-6
Let w(z) = z**3 + 4*z**2 - 6*z + 6. Give w(-5).
11
Let v(b) = -3*b**2 + 14. Calculate v(5).
-61
Let p(y) = 17*y + 29. Give p(-8).
-107
Let w(s) = -10*s - 14. Determine w(-3).
16
Let a(n) = -n**3 + 2*n**2 + 2*n - 2. What is a(3)?
-5
Let p(c) = c**2 - 3*c. Give p(3).
0
Let c(l) = l**3 + 26*l**2 - 24*l + 80. Give c(-27).
-1
Let f(s) = 4*s**2 + 2*s + 1. Calculate f(4).
73
Let r(l) = -l**3 - 13*l**2 + 15*l + 16. Calculate r(-14).
2
Let f(x) = 3*x - 13. Calculate f(4).
-1
Let g(p) = -p**2 + 16*p - 14. What is g(15)?
1
Let s(o) = -2*o**2 + 15*o + 19. Give s(9).
-8
Let g(n) = -n**3 + 6*n**2 + 5*n + 17. Calculate g(7).
3
Let d(l) = -4*l**2 - 2*l - 3. Give d(-1).
-5
Let n(v) = -2*v**3 - 35*v**2 + 17*v - 22. Calculate n(-18).
-4
Let h(d) = 91*d**2 - d - 1. What is h(-1)?
91
Let j(q) = q**2 - 8*q - 24. Determine j(11).
9
Let t(d) = d**3 - 7*d**2 + 5*d + 1. Give t(4).
-27
Let z(w) = 4*w - 8. Calculate z(-12).
-56
Let n(w) = -2*w + 21. Calculate n(6).
9
Let y(o) = -o**3 + 33*o**2 - 37*o + 180. Determine y(32).
20
Let c(x) = 4*x + 2. What is c(6)?
26
Let k(p) = p**3 + 4*p**2 + 6*p + 9. Give k(-3).
0
Let b(l) = 3*l + 23. Determine b(-8).
-1
Let l(j) = -j**3 - 26*j**2 - 50*j - 38. What is l(-24)?
10
Let j(g) = -2*g**2 + 8*g - 7. Determine j(3).
-1
Let q(r) = -8*r**2 + 4*r - 3. Give q(1).
-7
Let w(j) = -2*j**2 - 6*j - 5. What is w(-5)?
-25
Let l(u) = u**3 - 9*u**2 + 7*u + 6. What is l(8)?
-2
Let k(y) = -34*y + 16. Calculate k(-3).
118
Let i(n) = -2*n**2 - 44*n - 228. What is i(-8)?
-4
Let y(a) = -4*a**2 + 5*a - 4. What is y(1)?
-3
Let c(j) = -7*j - 5. Calculate c(-4).
23
Let w(s) = s**3 + 12*s**2 + 17*s - 34. Give w(-10).
-4
Let z(c) = -3*c**3 + 4*c**2 - 2*c - 1. Calculate z(2).
-13
Let d(b) = -8*b - 69. Calculate d(-9).
3
Let k(z) = -z - 8. Determine k(-8).
0
Let y(r) = 4*r + 2. Determine y(-2).
-6
Let y(v) = v**2 - 11*v + 11. Calculate y(3).
-13
Let o(c) = -c**3 + 13*c**2 - 13*c + 18. What is o(12)?
6
Let n(j) = j**2 - 5*j + 4. What is n(2)?
-2
Let p(s) = -18*s**2 + 129*s - 15. What is p(7)?
6
Let l(x) = x**3 + 8*x**2 + x - 10. Determine l(-8).
-18
Let u(k) = -7*k**3 + 5*k - 2. What is u(2)?
-48
Let b(z) = -4*z - 18. Determine b(-8).
14
Let l(x) = -x**3 + x**2 + 4*x - 2. Calculate l(3).
-8
Let y(k) = k**2 + 3*k. Give y(0).
0
Let u(h) = -5*h + 9. Calculate u(9).
-36
Let j(z) = 318*z + 3504. Give j(-11).
6
Let g(w) = w**3 + 7*w**2 - 7*w - 16. Determine g(-6).
62
Let d(y) = -5*y - 3. Give d(-2).
7
Let o(d) = d + 10. Calculate o(-20).
-10
Let u(w) = -w**3 - 6*w**2 + 21*w + 102. Determine u(-7).
4
Let f(j) = j**3 - 9*j**2 + 6*j + 2. Calculate f(6).
-70
Let d(t) = t**2 - 10*t + 16. Calculate d(8).
0
Let r(p) = -2*p**2 - p + 9. Calculate r(-4).
-19
Let b(y) = 31*y - 1326. Determine b(43).
7
Let z(c) = c**3 + 10*c**2 - 14*c - 26. Calculate z(-11).
7
Let z(k) = -14*k + 129. Calculate z(9).
3
Let l(c) = c**2 + 5*c + 3. Give l(-5).
3
Let k(l) = l**2 - 8*l - 304. Determine k(22).
4
Let b(q) = -4*q**2 + 3*q. Determine b(2).
-10
Let l(c) = -